l(g)?
0
Let g(x) = 78*x - 1. What is the hundreds digit of g(4)?
3
Suppose 3*z + 2 + 1 = 0. Let g be (z/(-4))/(1/8). What is the units digit of -6*(-3 - 1/g)?
1
Suppose -20 = -3*x - 2*p + 54, -5*x + 117 = -3*p. Let z = x - 16. Suppose -80 = 4*h - z*h. What is the tens digit of h?
2
Let q(l) = -l**3 - l + 9*l**2 - l - 1 - 7*l - 2. What is the units digit of q(7)?
2
Suppose 0*k - 3*k + 27 = 0. Let f(s) = -s**3 + 11*s**2 - 9*s - 11. What is the units digit of f(k)?
0
Let n = 197 - 110. Suppose 8*j - n = 7*j. What is the units digit of j?
7
What is the hundreds digit of (24/(-9))/(10871/1554 - 7)?
5
Let j(g) = -g**3 - 22*g**2 + 9*g - 35. What is the hundreds digit of j(-24)?
9
Suppose -3 = -3*v + 3. Let i be 3 - (0 - (v - 0)). Suppose 5*g + i*w - 210 = 0, -5*g + 0*w + 204 = 2*w. What is the tens digit of g?
4
Let u(j) = 18*j**2 - 2*j + 3. Let s(g) = 3 + 9*g**2 - 18*g - 2 + 17*g. Let y(f) = 5*s(f) - 2*u(f). What is the units digit of y(-1)?
9
Let u(q) = -4*q + 4*q**2 + 5*q - 2 - 3*q**2. Let w be u(0). What is the units digit of w/4 - 15/(-6)?
2
Let c = 65 - 27. Let r = c - 19. What is the tens digit of r?
1
What is the tens digit of (-2892)/(-10)*(-130)/(-52)?
2
Let g be 4/7 - (-12)/28. Suppose 0 = a - 9 + g. What is the units digit of a?
8
Let m = -183 - 67. What is the tens digit of (m/2 + -3)*(-1)/2?
6
Let l(p) = -38*p + 463. What is the tens digit of l(0)?
6
Suppose -3*a + 9*m = 4*m - 3147, 5*a + 2*m - 5245 = 0. What is the tens digit of a?
4
Let t(a) = 2*a**2 - 29*a - 153. What is the tens digit of t(-14)?
4
Let s = -236 + 717. What is the hundreds digit of s?
4
Let n(g) = -g**2 + 16*g - 25. Let s be (-2)/14 + 184/14. What is the units digit of n(s)?
4
Let t(u) = 3*u**3 - 10*u**2 + 6*u + 15. What is the units digit of t(6)?
9
Let f(u) = 5*u**2 + 22*u + 75. What is the units digit of f(-16)?
3
Let m(a) = 121*a**2 + 3*a - 2. Let b be m(1). Let c = 190 - b. What is the tens digit of c?
6
Suppose -28*d + 18 = -27*d. Let n = d - -101. What is the tens digit of n?
1
Suppose 4047 = 15*o - 3408. Let f = o + -322. What is the hundreds digit of f?
1
Suppose -3*g + 2 = -10. Suppose 0 = 5*h - 25, -q + 2*h = -g*q + 16. Suppose f + q - 18 = 0. What is the tens digit of f?
1
What is the tens digit of 669/(-5)*(-59 + 54)?
6
Let f(d) = d**2 + 5 - d**2 + d**2 - 7*d. What is the units digit of f(7)?
5
Let w = -185 - -347. Suppose 0 = 6*b - w - 90. What is the units digit of b?
2
Let q = -570 + 1497. What is the units digit of q?
7
Let b(m) = m**2 - m - 121. Let o be b(0). Let s = o - -176. What is the units digit of s?
5
Suppose 0 = -r + 3*r - 2, -2*s = 3*r + 549. Let q = 446 + s. What is the units digit of q?
0
Let i = 1677 - 983. What is the hundreds digit of i?
6
Suppose -121 = -17*y + 6*y. Suppose 8*b + 2*s + 476 = y*b, 4*s = -b + 154. What is the tens digit of b?
5
Let d(t) = t**2 - 12*t + 4. Let a be d(12). Suppose j + a*j = 230. What is the units digit of j?
6
Let k(a) = a**2 + 5*a - 2. Let s be k(1). Let c(p) = p**3 + 2*p**2 - 7*p - 4. What is the units digit of c(s)?
4
Suppose -2*g - b = 16, -2*b - 5 = g - 0. What is the hundreds digit of (-2)/3 - 978/g?
1
Suppose -1079 = 7*f + 6*f. Let d = f + 311. What is the tens digit of d?
2
Let w = 409 + -256. Let p = w + -88. What is the units digit of p?
5
Let s = 757 + -1277. Let m be (-1 - 8)*s/39. Suppose -3*l = -7*l + m. What is the tens digit of l?
3
Suppose -6 = -6*w + 3*w. Suppose i + 4*b + 6 = -2, -26 = -5*i + w*b. What is the tens digit of i/2*(-60)/(-8)?
1
What is the hundreds digit of ((-3)/9)/(21/(-23436))?
3
Let d(p) be the first derivative of -p**3/3 + 11*p**2/2 - 7. Let m be d(5). Let u = m + 4. What is the tens digit of u?
3
Suppose -4*q = -2*j + 2 - 26, -j - 4 = 0. Suppose -3*m + q*s = -21, 5*s + 15 = -0*s. Suppose 4*x - 3 = m*x. What is the units digit of x?
3
Suppose 0*q = -3*q + 3*c + 1368, 476 = q + 4*c. Suppose q = -14*h + 19*h. What is the units digit of h?
2
Let u be (-1764)/(-14) + (-4)/(-1). Suppose -2*x - u = -4*x. What is the units digit of x?
5
Suppose 5*s + 5 + 5 = 0. Let j = 1 - s. Let r(l) = 3*l - 3. What is the units digit of r(j)?
6
Let p(u) = 4*u**2 - 24*u + 21. What is the units digit of p(10)?
1
What is the units digit of (0 - -5) + 1 - -800?
6
Let t be (-1 + 1)*(-3)/6. Suppose y + 4*n - 55 = n, -4*y + n + 168 = t. Let c = y + -34. What is the units digit of c?
9
Suppose -20*t + 1860 = -19*t. What is the hundreds digit of t?
8
Suppose 8*z = -z + 3771. What is the hundreds digit of z?
4
Suppose -4*s = -2*a + 28, -3*a - 72 = -7*a + 4*s. Let g = a + 15. What is the tens digit of g?
3
Suppose 2*w = 35*w - 396. Let g = -3 + -3. Let d = g + w. What is the units digit of d?
6
Let j = -997 + 1980. What is the tens digit of j?
8
Let r(g) = 3*g - 25. What is the units digit of r(9)?
2
Suppose -2*q = 3*d - 43 + 12, -4*q = 3*d - 41. Let n(b) = 1 - 3*b + d*b**3 - 2 - 6*b**3. What is the units digit of n(3)?
7
Let f = 29 - 35. Let p(l) = -3*l - 8. What is the units digit of p(f)?
0
Suppose -4*g = -2*c - 8, -2*g + 2*c = -1 - 3. Suppose 3*n - m = 4*n - 102, -5*n + 482 = -g*m. What is the units digit of n?
8
Let a(b) = 4*b - 14. Let r = 11 + -1. What is the tens digit of a(r)?
2
Let x = -259 + 791. What is the hundreds digit of x?
5
Suppose -3*x = -0*x - 5*j - 9529, -15859 = -5*x - 3*j. What is the hundreds digit of x?
1
Suppose 1414 - 12854 = -16*v. What is the tens digit of v?
1
Let r be 886/8 - (-2)/8. Suppose -8*b + 5*b = -r. What is the units digit of b?
7
What is the thousands digit of (-2059)/(-2) - 73/(-146)?
1
What is the hundreds digit of -5 + 604 + ((-16)/2)/2?
5
Suppose 0 = -0*s - 4*s - i + 7, -3*i = 2*s - 11. What is the tens digit of 2/2 - (-50 + s)?
5
Let j = -873 - -1260. What is the hundreds digit of j?
3
Let r(l) = 1647*l**3 + l**2 - 2*l + 3. What is the hundreds digit of r(1)?
6
Let s be 0 + 1 - (-14)/1. Let z(g) = g**3 + 13*g**2 + 38. Let d be z(-13). Let u = d - s. What is the units digit of u?
3
Suppose -3*v + 2*v = 3*d + 2, 5*v - 20 = 0. Suppose -68 = -3*g + 7*g. Let u = d - g. What is the tens digit of u?
1
Let r be (6 - 5)/(1/(-2)). Let a be 7 - (0 + (r - -5)). What is the units digit of (-74)/(-14) + a/(-14)?
5
Let z = -32 + 33. Suppose 0 = 2*k - 41 + z. What is the units digit of k?
0
Suppose -5*s + 6*s + 191 = t, 2*t = -s + 370. What is the hundreds digit of t?
1
Let g = -5639 - -9686. What is the thousands digit of g?
4
Suppose 30 = -5*w - 20. What is the hundreds digit of (-4)/w + (-1078)/(-5)?
2
Suppose -1024*t + 97500 = -1004*t. What is the thousands digit of t?
4
Let y(b) = -4*b**2 + 3*b + 2. Let i = 15 + -17. Let u be y(i). What is the tens digit of 9/15 + (-568)/u?
2
Suppose 4*d = -3*t + 31, -4*t - 3*d - 2 = -34. Suppose 552 = -2*n - 2*n + 4*s, 3*n = t*s - 416. What is the tens digit of (-21)/(-35) - n/5?
2
Let g(l) = l**2 + 23*l + 6. What is the units digit of g(-28)?
6
Let q be (-20)/(-6)*54/(-12). Let s = q - -19. Suppose -s*a + 3 = -5*n - 1, -5*a + 3*n + 18 = 0. What is the units digit of a?
6
Let z be 2/(-3)*(8 + 4). Let y be (9/18)/((-1)/z). Suppose -2*i + 5 = y*v - 133, 3*i - 203 = -5*v. What is the units digit of i?
1
Let p(z) = -508*z + 1. Let t(m) = 169*m. Let r(c) = 4*p(c) + 11*t(c). What is the hundreds digit of r(-1)?
1
What is the hundreds digit of (342/(-90))/(2/(-410))?
7
Let g(j) = 3*j**3 + 2*j**2 - 4*j + 25. Let z be g(6). Suppose 149 - z = -11*b. What is the tens digit of b?
5
Suppose 0 = -3*k - 4*v, 0*k + 3*v = -3*k. Suppose 2*h + 4*l - 69 = h, k = 5*l - 20. What is the units digit of h?
3
Let g = -765 + 1469. What is the units digit of g?
4
Let p(d) = d**2 + 3*d + 4. Suppose -5*c + 4*x - 30 = 0, -2*c + 4*x = -3*c + 18. What is the units digit of p(c)?
2
Suppose 5*o = -4*g + 80, 0*o = g + 3*o - 13. Let j be (-110)/g - (-2)/5. What is the tens digit of 25/(-2)*-2 + j?
2
Let h(x) be the first derivative of x**3/3 - 2*x**2 + x - 49. What is the tens digit of h(7)?
2
Let p be 3 + 1 + -2 + 2. Suppose -2*d + 10 = 0, -p*u + 91 = -8*d + 3*d. Suppose 7*j + 5*w - 235 = 2*j, -j + 5*w + u = 0. What is the tens digit of j?
4
Suppose c - 578 = -g, -3*g = -3*c - 8*g + 1736. What is the hundreds digit of c?
5
Suppose -3*h + 5*i = -0*h - 5569, -3*i - 7407 = -4*h. What is the hundreds digit of h?
8
Suppose -2*c + 66 = -4*z, -3*z - 4 = 2. Suppose 2*p =